{"id":3,"date":"2019-03-12T17:34:27","date_gmt":"2019-03-12T16:34:27","guid":{"rendered":"http:\/\/www.lernfonds.de\/PGS\/?page_id=3"},"modified":"2023-07-06T09:58:29","modified_gmt":"2023-07-06T07:58:29","slug":"datenschutzerklaerung","status":"publish","type":"page","link":"http:\/\/www.lernfonds.de\/PGS\/?page_id=3","title":{"rendered":"Impressum und Datenschutz"},"content":{"rendered":"\n<p> Paul-Gerhardt-Schule in Dassel\/ Solling<\/p>\n\n\n\n<p>Schulleitung:<br>Matthias Kleiner , Schulleiter<\/p>\n\n\n\n<p>Postfach 11 20<br>37582 Dassel<br>Telefon: 05564\/96 080<br>Fax: 05564\/96 08 17<br>E-Mail: pgs.dassel(at)pgs-portal.de<\/p>\n\n\n\n<p>Inhaltliche Verantwortung:<br>Marco Spindler<br>Lessingstr. 13b<br>37574 Einbeck<\/p>\n\n\n\n<p>Schultr\u00e4ger:<br>Evangelisch-lutherische Landeskirche Hannovers<br>vertreten durch das<br>Evangelische Schulwerk<br>Goethestra\u00dfe 29<br>30169 Hannover<br>Telefon: 0511-1241-307<br>E-Mail: schulwerk(at)evlka.de<\/p>\n\n\n\n<p>Haftungshinweis:<br>Trotz sorgf\u00e4ltiger inhaltlicher Kontrolle \u00fcbernehmen wir keine Haftung f\u00fcr die Inhalte externer Links. F\u00fcr den Inhalt der verlinkten Seiten sind ausschlie\u00dflich deren Betreiber verantwortlich.<\/p>\n\n\n\n<p>Alle Daten auf dieser Homepage sind mit gr\u00f6\u00dfter Sorgfalt gepr\u00fcft. Eine Gew\u00e4hr f\u00fcr die Richtigkeit, Vollst\u00e4ndigkeit und Aktualit\u00e4t kann jedoch nicht \u00fcbernommen werden. Jegliche Haftung, insbesondere f\u00fcr eventuelle Sch\u00e4den oder Konsequenzen, die durch die Nutzung des angebotenen Wissensstoffes entstehen, ist ausgeschlossen.<\/p>\n\n\n\n<p>Hinweise zum Datenschutz<br>Die von Benutzern\/ Besuchern der Internet-Seite \u201cPGS-Lernfonds\u201d \u2013<br>z.B. im Rahmen einer Anfrage \u2013 hinterlassenen pers\u00f6nlichen Daten werden ausschlie\u00dflich zur Bearbeitung im Projekt \u201c PGS-Lernfonds \u201d verwendet und gespeichert. Das Team \u201cPGS-Lernfonds\u201d versichert, dass jegliche Angaben den geltenden datenschutzrechtlichen Bestimmungen entsprechend behandelt werden. Ferner wird daraufhin gewiesen, dass aus technischen Gr\u00fcnden eine Einsicht der \u00fcbermittelten Daten beim Versand durch Dritte nicht ausgeschlossen werden kann. Die \u00dcbermittlung der Daten erfolgt somit auf eigene Gefahr des Benutzers. Keinesfalls werden erhobene Daten verkauft oder an Dritte weitergegeben. Auf Nachfrage erhalten Sie alle nformationen zu den \u00fcber Sie erhobenen Daten.<\/p>\n\n\n\n<p>Datenverarbeitung auf dieser Internetseite:<br><\/p>\n\n\n\n<h3 class=\"wp-block-heading\"><strong>Alfahosting&nbsp;<\/strong>GmbH<\/h3>\n\n\n\n<p>Ankerstra\u00dfe 3b, 06108 Halle (Saale)Deutschland<\/p>\n\n\n\n<p>HRB: 214733Amtsgericht StendalUst.ID: DE232969203<\/p>\n\n\n\n<p>Die Alfahosting GmbH erhebt und speichert automatisch in ihren Server Log Files Informationen, die Ihr Browser \u00fcbermittelt.<\/p>\n\n\n\n<p><br> Dies sind:<br> Browsertyp\/ -version<br> verwendetes Betriebssystem<br> Referrer URL (die zuvor besuchte Seite)<br> Hostname des zugreifenden Rechners (IP Adresse)<br> Uhrzeit der Serveranfrage.<\/p>\n\n\n\n<p>Diese Daten sind f\u00fcr die Alfahosting GmbH bestimmt und nicht bestimmten Personen zuordenbar. Eine Zusammenf\u00fchrung dieser Daten mit anderen Datenquellen wird nicht vorgenommen, die Daten werden zudem nach einer statistischen Auswertung gel\u00f6scht. Die Logfiles sind f\u00fcr mich einsehbar. Auch ich f\u00fchre diese Daten nicht mit anderen Datenquellen zusammen, eine Speicherung dieser Daten \u00fcber das zum Betrachten notwendige hinaus (Arbeitsspeicher) findet durch mich nicht statt.<\/p>\n","protected":false},"excerpt":{"rendered":"<p>Paul-Gerhardt-Schule in Dassel\/ Solling Schulleitung:Matthias Kleiner , Schulleiter Postfach 11 2037582 DasselTelefon: 05564\/96 080Fax: 05564\/96 08 17E-Mail: pgs.dassel(at)pgs-portal.de Inhaltliche Verantwortung:Marco SpindlerLessingstr. 13b37574 Einbeck Schultr\u00e4ger:Evangelisch-lutherische Landeskirche Hannoversvertreten durch dasEvangelische SchulwerkGoethestra\u00dfe 2930169 HannoverTelefon: 0511-1241-307E-Mail: schulwerk(at)evlka.de Haftungshinweis:Trotz sorgf\u00e4ltiger inhaltlicher Kontrolle \u00fcbernehmen wir keine Haftung f\u00fcr die Inhalte externer Links. F\u00fcr den Inhalt der verlinkten Seiten sind ausschlie\u00dflich deren<\/p><\/div>\n<div class=\"blog-btn\"><a href=\"http:\/\/www.lernfonds.de\/PGS\/?page_id=3\" class=\"home-blog-btn\">Weiterlesen<\/a><\/p>\n","protected":false},"author":1,"featured_media":0,"parent":0,"menu_order":0,"comment_status":"closed","ping_status":"open","template":"","meta":{"footnotes":""},"class_list":["post-3","page","type-page","status-publish","hentry"],"_links":{"self":[{"href":"http:\/\/www.lernfonds.de\/PGS\/index.php?rest_route=\/wp\/v2\/pages\/3","targetHints":{"allow":["GET"]}}],"collection":[{"href":"http:\/\/www.lernfonds.de\/PGS\/index.php?rest_route=\/wp\/v2\/pages"}],"about":[{"href":"http:\/\/www.lernfonds.de\/PGS\/index.php?rest_route=\/wp\/v2\/types\/page"}],"author":[{"embeddable":true,"href":"http:\/\/www.lernfonds.de\/PGS\/index.php?rest_route=\/wp\/v2\/users\/1"}],"replies":[{"embeddable":true,"href":"http:\/\/www.lernfonds.de\/PGS\/index.php?rest_route=%2Fwp%2Fv2%2Fcomments&post=3"}],"version-history":[{"count":2,"href":"http:\/\/www.lernfonds.de\/PGS\/index.php?rest_route=\/wp\/v2\/pages\/3\/revisions"}],"predecessor-version":[{"id":183,"href":"http:\/\/www.lernfonds.de\/PGS\/index.php?rest_route=\/wp\/v2\/pages\/3\/revisions\/183"}],"wp:attachment":[{"href":"http:\/\/www.lernfonds.de\/PGS\/index.php?rest_route=%2Fwp%2Fv2%2Fmedia&parent=3"}],"curies":[{"name":"wp","href":"https:\/\/api.w.org\/{rel}","templated":true}]}}